and s?
14
Let h = -3206 - -3238. What is the highest common factor of 3632 and h?
16
Let t be 2/(-9) - 317*1/(-9). Let d be ((-224)/t + 6)*(-214 + -1). Let a = -66 + d. Calculate the greatest common factor of a and 10.
10
Let b = 47 + -47. Suppose -8*p + 54 + 386 = b. Let y = 43 + -38. Calculate the highest common divisor of y and p.
5
Suppose 13*r - 4*r - 20097 = 0. Suppose 0 = -29*k + 40*k - r. What is the highest common divisor of 58 and k?
29
Let z be 8/((-184)/(-2829)) + -4. What is the greatest common factor of z and 153?
17
Let f = 134 - 35. Let g = 106 - f. What is the highest common factor of 35 and g?
7
Let k(u) = 2*u**2 - u + 1. Let t be k(1). Suppose 6*c = -t*c + 120. Let x = c - 5. Calculate the greatest common factor of 25 and x.
5
Let n = 5 + 85. Suppose 46*f + n = 55*f. What is the greatest common factor of 10 and f?
10
Let x(t) = 3*t**2 + 7*t + 8. Let i be x(8). Suppose i = 11*h - 217. Suppose -4*c = 780 - 2672. What is the highest common divisor of c and h?
43
Let f be 4 + (1 - (-180 + -11) - 10). Let a be 217/2*(0 - -4). What is the greatest common divisor of a and f?
62
Let w(b) = b**2 - 1. Let h(n) = n**2 + n - 1. Let m(f) = 2*h(f) - w(f). Let a be m(5). Suppose a*t = 31*t + 63. What is the highest common divisor of 147 and t?
21
Let f(z) = -z**3 - z**2 + 16*z - 2. Let q be f(-5). Let b be q/4 + (5/10 - 0). Suppose k = b*k - 500. Calculate the greatest common divisor of 25 and k.
25
Suppose -5*y - 3*k = -46, -2*k - 2*k = -y. Suppose 0 = -3*v - 89 - 229. Let i = -66 - v. Calculate the highest common factor of i and y.
8
Let p(l) = 109 + 338*l - 9 - 336*l. Let d be p(-49). Calculate the highest common divisor of 98 and d.
2
Let j(a) = -3*a - 13. Let v(p) = -17*p + 18*p - 40 - 10*p. Let i(u) = 8*j(u) - 3*v(u). Let x be i(-3). What is the greatest common divisor of 35 and x?
7
Suppose 2*f = 4*x - 107 - 61, f = 0. Calculate the greatest common factor of 399 and x.
21
Let q be (14/(-7))/((-9)/126). What is the greatest common divisor of q and 3668?
28
Let c = -21295 + 41001. What is the highest common divisor of c and 118?
118
Suppose -6*q - 5*i = -985, 44*q + 820 = 49*q + 4*i. Let f(k) = 44*k + 4. Let z be f(5). What is the greatest common divisor of q and z?
32
Let a be -15 + -8 + 15 - -15. Suppose -a*l = -4629 - 4296. Calculate the highest common factor of 85 and l.
85
Let g be 282*(-3)/(-8 + 2). Let z = 222 - g. Let n be (-7)/(14/16) - (-5 + -12 + 0). What is the greatest common factor of n and z?
9
Let o = -52 - 55. Let i = o + 111. What is the greatest common factor of 8 and i?
4
Let r(s) = 8*s - 8. Let f be r(6). Let i(c) = 7*c - 23. Suppose -21*u + 117 - 33 = 0. Let g be i(u). Calculate the greatest common factor of g and f.
5
Let u(j) = j**2 - 21*j + 82. Let p be u(6). Let w be ((-14)/6)/(p/1800). What is the highest common factor of w and 75?
75
Let x be (-78)/(-5) - ((-27)/5 - -5). Suppose -x*m + 25*m - 27 = 0. What is the greatest common factor of m and 1?
1
Suppose 300 = -81*m + 85*m. Suppose -2*y + 5*w + 33 = 0, -7*y + m = -4*y + w. What is the highest common divisor of y and 32?
8
Let k(o) = -27*o - 53. Let z be k(-4). Let i be (-490)/(-15) - ((-4)/3)/4. Calculate the greatest common divisor of i and z.
11
Let l = 165 + -120. What is the greatest common divisor of 235 and l?
5
Suppose -14 = 2*y - 4*y. Let p = -32 + 61. Let i = 50 - p. Calculate the greatest common factor of i and y.
7
Suppose -125 = 4*j - 497. Suppose -j = -3*i + 48. Suppose -u + i = -28. What is the greatest common factor of 15 and u?
15
Suppose -6*p = 8*p - 322. Suppose 0 = 2*a - p - 1. Suppose 16*t - 768 = -0*t. What is the highest common divisor of a and t?
12
Let x = -15 - -2951. Let g be (-56)/(-21) - 8/12. Let m be g/7 + 7/(98/x). What is the highest common factor of m and 84?
42
Let h = -47 + 47. Let f(m) = -m**2 + m + 29. Let g be f(h). Suppose 0 = -u - p + 6*p + 20, -2*p - g = -u. Calculate the greatest common factor of u and 5.
5
Let l = -27284 - -27292. Calculate the greatest common divisor of 23 and l.
1
Suppose 2*x + 6400 = 5*x + 4240. Calculate the highest common divisor of x and 11760.
240
Suppose 57*p + 19272 = 61*p - 2*n, p - 5*n = 4836. Calculate the greatest common divisor of 280 and p.
56
Suppose 4*m + 16*y - 32 = 12*y, -2*m - 3*y = -15. Suppose 4*z + 0 - 4 = 0, 3*z = -3*r + 4242. Calculate the highest common divisor of r and m.
9
Let h(b) be the first derivative of -b**3/3 + 8*b**2 + 40*b + 11. Let s be h(18). Calculate the highest common divisor of s and 16.
4
Let j = -2 - -3. Let f = 68033 - 68008. Calculate the highest common factor of j and f.
1
Let f be (-35)/(525/(-570))*(394 + 0). Calculate the highest common divisor of f and 76.
76
Let g(m) be the third derivative of -m**5/60 + m**4/2 - 4*m**3/3 - 26*m**2 + 1. Let o be g(10). Calculate the greatest common divisor of o and 72.
12
Let u be -4 - 6177/(-27) - (-20)/90. Calculate the greatest common factor of u and 120.
15
Let o(s) = 57*s - 65. Let r be o(5). Let f be (-16)/(-10) + 3168/r. What is the greatest common divisor of f and 104?
8
Suppose -4*o + 2*v = -368, -5*o = -10*o + 3*v + 462. What is the greatest common divisor of 2430 and o?
90
Let w be ((-12)/15)/(2/(-225)). Let c be (540/100)/(12/100). What is the highest common divisor of w and c?
45
Let p = 10186 - 10054. Calculate the highest common divisor of 16 and p.
4
Let n = 37064 + -32702. What is the highest common divisor of n and 12?
6
Suppose -5*i = -4*s - 247, 3*i - 1 = -4. Let b(x) = x**3 - 15*x**2 + 33*x - 39. Let n be b(12). Let m = s - n. What is the highest common factor of 84 and m?
12
Let p(c) = c**2 + 10*c - 21. Let a be p(-12). Suppose -11*l + 13*l - 54 = -4*k, -a = l. Calculate the highest common factor of 75 and k.
15
Let g(m) = -2*m**3 - 21*m**2 + 2*m - 19. Let k be -33*(18/(-108))/((-2)/4). Let v be g(k). Suppose -7 + 39 = q. What is the highest common factor of v and q?
16
Suppose -w = -13 + 11, 4*w = -m + 194. Let p = m + -172. Calculate the highest common divisor of p and 21.
7
Let n(d) = d**3 - 9*d**2 + 2*d + 8. Let y be n(9). Suppose 0 = y*o - 27*o + 99. Let q = o + -63. Calculate the greatest common divisor of 48 and q.
12
Suppose -s + 328 = f - 3*s, 3*f - 2*s - 976 = 0. What is the highest common factor of 132 and f?
12
Let w(v) = -531*v + 1652. Let o be w(1). What is the greatest common factor of o and 19?
19
Suppose -10*i + 84 = -6*i. Suppose -9*q + 7*q = -56. Suppose -27*t - 21 = -q*t. What is the highest common factor of i and t?
21
Let y = -2328 + 2110. Let g be 782/(-8) + 2/(-8). Let x = g - y. What is the highest common divisor of 15 and x?
15
Let s(p) = -124*p + 5098. Let f be s(-52). Calculate the highest common factor of f and 138.
46
Let h be 657/18 + 2/(-4). Let j = 12494 + -12418. Calculate the highest common divisor of j and h.
4
Let n(k) = 5*k**2 + 43*k + 148. Let r be n(-6). Calculate the highest common factor of r and 147.
7
Let l be 243/(-15)*-1*((-10)/(-15) - -11). Let k be 6/27 + (-482)/(-18). Calculate the highest common divisor of k and l.
27
Let j be (7 - 294/6)/((-3)/12). What is the greatest common factor of 1344 and j?
168
Let z = 5084 - 5066. Calculate the highest common factor of z and 5436.
18
Let n = 3389 - -6147. What is the greatest common divisor of 64 and n?
64
Suppose 3*d + 3*d = 24. Suppose 0 = -6*k + d*k + 8. Suppose 0 = 5*u - 4*g - 5, k*g = 5*g. What is the highest common divisor of 13 and u?
1
Let s be (5 - -2)*(0 - -1). Let c = -61 - -99. Let f = c - 3. Calculate the greatest common divisor of f and s.
7
Let j be -1*(-3 + 8 + 49)*6/(-1). Calculate the greatest common divisor of j and 432.
108
Suppose -897 = -3*n + 5*p, 0 = -5*n - 51*p + 43*p + 1593. What is the greatest common factor of 3 and n?
3
Let w be 1 + (-299)/23 + 327. Calculate the greatest common divisor of 153 and w.
9
Suppose -197*t - 2*d = -193*t - 432, -5*d + 555 = 5*t. What is the greatest common factor of 4375 and t?
35
Let h(j) = -12*j**3 - 276*j**2 - 24*j - 53. Let x be h(-23). What is the highest common divisor of x and 3?
1
Suppose -77970 + 63399 = -291*d + 205134. What is the greatest common factor of 5 and d?
5
Suppose 7*b - 74 + 60 = 0. Suppose -59 = -b*q + 137. Calculate the highest common divisor of 42 and q.
14
Let n = -657 - -1485. Suppose 4*w + 5*j - n = 8*j, -5*j 